 b = 3*z + d. Suppose 4*h - 103 = -5*w, -5*w - z + 101 = h. What are the prime factors of w?
19
Suppose -36 = o - 3*o. Suppose 0 = -2*r + 62 + o. What are the prime factors of r?
2, 5
Let s(f) = -f**2 - 9*f - 4. Let g be s(-8). Suppose 4*o = 36 - g. List the prime factors of o.
2
Suppose -136 = -w + g, -g = -2*g + 3. List the prime factors of w.
139
Let o(v) = -v**3 - 11*v**2 + 19*v + 18. List the prime factors of o(-13).
109
Suppose 3*k + 952 = 11*k. List the prime factors of k.
7, 17
Suppose 12*d = 1255 + 3101. List the prime factors of d.
3, 11
Suppose 0*c = -4*c + a + 36, 9 = c - 5*a. List the prime factors of c.
3
Let z be (-2 - -2 - -1) + -1. Suppose -4 = -d - u, 5*d + 4*u + z*u = 19. What are the prime factors of d?
3
Suppose -5*p = -0*p - 15. Suppose 0 = r + p*r - 5*l - 33, -5*r + 2*l = -20. What are the prime factors of r/(-5) - (-96)/15?
2, 3
Suppose -b - 28 = -4*m, 2*b + 0*b - 7 = -m. List the prime factors of m.
7
Let h = -3 + 5. List the prime factors of -6 - -6 - (-8)/h.
2
Let a(i) = -i**2 + 6*i + 4. Let b be a(6). Suppose b = r - 1. List the prime factors of r.
5
Suppose -157 + 29 = -4*x. Suppose -x = -p - 3. List the prime factors of p.
29
Let u(h) = -14*h - 79. List the prime factors of u(-18).
173
Suppose 4 = -4*i + 172. List the prime factors of i.
2, 3, 7
Let d(b) = -7*b**3 - 7*b - 5. Let n(z) = 8*z**3 + z**2 + 7*z + 6. Let r(h) = -7*d(h) - 6*n(h). List the prime factors of r(5).
3
Suppose -2*k - 161 = -5*m, -5*k - 2 = 2*m - 49. List the prime factors of m.
31
Let a be 3/(4/(32/(-6))). What are the prime factors of 21 - a/12*0?
3, 7
Suppose 0 = 4*a - 511 + 211. Suppose -y + a = 4*y. Suppose -3 - y = -3*q. List the prime factors of q.
2, 3
Let p = -2 + 4. Let z = 6 - p. List the prime factors of z.
2
Suppose -4*g = -62 + 2. Suppose -3*w - g = 3*k, 0 = 4*w - 5*k - 28 + 3. Suppose -4*o + 49 - 9 = w. What are the prime factors of o?
2, 5
Let j be (14 + 1)/((-3)/(-21)). Let f = j + -75. List the prime factors of (-1 - -2)/(2/f).
3, 5
Let p = 8 + 0. Suppose -28 = -4*z + p. List the prime factors of z.
3
Suppose -5*q = -232 + 2. Let u = -14 + 17. Suppose -q = -u*f - 1. List the prime factors of f.
3, 5
Suppose 5*l - 14 = 4*n, n - 3*n = -3*l + 10. Suppose f - 4*g + 2 = 0, -4*f - 8 = -g + l*g. What are the prime factors of 123/11 - f/(-11)?
11
Suppose 5*o - 4*j + 7 = -5, -3*o - 2*j = -6. Suppose o = -b + 7. Suppose -5*a + 17 = b. What are the prime factors of a?
2
Let c be 2/(-2)*(-4 + 6). Let a be -1 - -1*(c - -7). Suppose 0 = -s + 1 + a. List the prime factors of s.
5
Suppose 0 = -2*i - 3*i + 35. What are the prime factors of i?
7
Let a be -32*(-15)/12*2. Let s = -55 + a. List the prime factors of s.
5
Let x(q) = -38*q - 13. List the prime factors of x(-8).
3, 97
Let t = 5 + -6. Let f be ((-2)/t - -2) + -1. Suppose -f*m + 54 = -0. What are the prime factors of m?
2, 3
Suppose 19 + 2 = 7*t. What are the prime factors of t?
3
Let k(v) = -v**2 + 7*v + 7. List the prime factors of k(5).
17
Suppose 3*l + 20 - 90 = 5*m, 2*m + 112 = 4*l. What are the prime factors of l?
2, 3, 5
Let k be (-3)/3 + (-1 - 7). Suppose -31 = -3*n - 2*h, 4*h = -6*n + n + 49. Let t = n + k. List the prime factors of t.
2
What are the prime factors of (-6 + 4)*-1 - -77?
79
What are the prime factors of 1552/52 + 4/26?
2, 3, 5
Suppose s - 5*f + 68 = 0, s + 5*f + 19 = -9. What are the prime factors of (-1)/((-3)/s*-2)?
2
Let b(j) = 4*j**2 - 3*j. List the prime factors of b(8).
2, 29
Let i = -22 + 30. Suppose 4*k - 58 = -2*d, -i*d = -3*d + 4*k - 175. What are the prime factors of d?
3, 13
Let t(k) = -k**2 + 9*k - 7. Let g be t(8). Let i = g + 5. List the prime factors of i.
2, 3
Let z(q) = -q**3 + 10*q**2 + 10*q + 14. Let j be z(11). Suppose 3*p = 9 + j. What are the prime factors of p?
2
Suppose 2 = t - 7. Let z = t - -8. List the prime factors of z.
17
Suppose f - 5*s + 13 = -10, 4*f - 28 = -4*s. Let q be (-489)/(-9) + f/(-6). Let i = q + -38. List the prime factors of i.
2
Suppose -5*k - 5*d + 140 = -0*k, 134 = 5*k - d. Let a be 6/8 - 106/(-8). Let i = k - a. List the prime factors of i.
13
Suppose 4*w = -4*p + 4, -w + 2*w + 4*p = -14. Suppose 4*n - 10 - w = 0. Suppose -z + 2*g = -11, -n*g - g - 29 = -3*z. What are the prime factors of z?
3
Suppose -v = -5*k - 135, -v + k + 111 = 2*k. Suppose -8*q + v = -3*q. List the prime factors of q.
23
Let t = -6 + 10. Suppose t*s + 3*d - 48 = -5, s - 4*d - 6 = 0. List the prime factors of s.
2, 5
Let r(o) = -o**3 + 8*o**2 + 11*o - 11. Let p be (2/2)/((-2)/(-18)). Let j be r(p). Suppose -w - 2 = -2*t - 1, -2*t + j = w. List the prime factors of w.
3
Let a = 19 - 12. Let i(f) = f**2 - f - 1. Let j(w) = -w**3 + 3*w**2 + 10*w + 8. Let h(c) = 3*i(c) + j(c). What are the prime factors of h(a)?
5
Suppose -3*c + 864 = -6*c. List the prime factors of c/(-30) - 4/(-10).
2, 5
Suppose -p = -2*g - 2, -g = 4*p - 0*g + 28. List the prime factors of 4/(-6) + (-82)/p.
13
Let q(d) be the first derivative of d**2/2 + 3*d + 4. What are the prime factors of q(8)?
11
Let z be -24 - 6/(-9)*3. Let n(d) = d**3 + 4*d**2 - 3. Let h be n(-4). What are the prime factors of z*(6/4)/h?
11
Let j(n) = -3*n + 3. Let b be j(-2). List the prime factors of -2 - -2*b/2.
7
Let z(o) = 2*o - 2. Let l be z(3). Suppose -l*b + 68 + 4 = 0. List the prime factors of b.
2, 3
List the prime factors of -1 - -28 - (1 + 2).
2, 3
Suppose -4*o + 5 = -43. List the prime factors of (3/(-2))/((-2)/o).
3
Let b(q) = -15*q - 7. Let z(d) = -8*d - 3. Let u(m) = 4*b(m) - 9*z(m). What are the prime factors of u(1)?
11
Let i be (-32)/(-20) - (-2)/5. Let x be i/(-4)*(2 + 6). What are the prime factors of (-2)/(-2 - 0) - x?
5
Suppose -9 = 5*u + a - 46, 0 = a + 3. Suppose -5*w = -u + 3. What are the prime factors of 9/(w/1) + 2?
11
Let o(i) = 2*i**3 - 4*i**2 + 4*i - 3. Let c be o(2). Suppose k - 3 = -2*v, -c*k + 2 = -v + 9. Suppose 0 = -0*h + v*h - 18. List the prime factors of h.
3
Let j(y) = -y**2 + 4*y + 1. Let r be j(7). Suppose -12 + 40 = -2*w. Let b = w - r. What are the prime factors of b?
2, 3
Suppose 2*g = -3 + 1. Let k(w) = -w**3 - 2*w - 1. Let v be k(g). Suppose m - v*f + 4 = 3*m, -46 = -5*m + 4*f. What are the prime factors of m?
2, 3
Suppose -3*b - o + 12 + 652 = 0, -5*b - 3*o = -1108. What are the prime factors of b?
13, 17
Let k = 64 + -13. Suppose 2*q + 5*v = -k, 2*q + 2*v = -2*q - 110. Let j = q + 41. List the prime factors of j.
13
What are the prime factors of (2/4)/(8/2208)?
2, 3, 23
Let b(q) = -6*q + 1. Let n = 3 - 5. Let a be (n - 1)/((-6)/(-4)). List the prime factors of b(a).
13
Let i(z) = 5*z - 1. What are the prime factors of i(7)?
2, 17
List the prime factors of (7 - (-5 + 15))/(2/(-38)).
3, 19
Let n(z) = 5*z**2 + 5*z - 25. What are the prime factors of n(-8)?
3, 5, 17
Let g = 8 - 3. Suppose 9 = -2*k + g*k. What are the prime factors of k?
3
Suppose -4*u - u + 4*l = -201, 0 = 2*u - l - 78. List the prime factors of u.
37
Suppose z + 15 = -4*z - 5*b, -3*b - 15 = 0. Suppose 5*s - g = 25, -z = 3*s - 2*g - 10. What are the prime factors of s?
2, 3
Let v be -6*(-3 + 6 + -4). List the prime factors of (4/v)/(16/120).
5
Let i(p) = -p**3 - 8*p**2 + 3*p + 12. Let j be i(-8). Let k = -7 - j. What are the prime factors of k?
5
Let h = -281 - -544. What are the prime factors of h?
263
Let k(o) = -o**3 + 3*o**2 + 5*o - 1. Let l be k(5). Let s = 48 + l. List the prime factors of s.
2, 11
Let j = 45 - 31. Let p be 6 + -2 + 2*-1. Suppose -j - 8 = -p*v. List the prime factors of v.
11
Let a(s) = -s**3 - 6*s**2 - 4*s + 1. Let h be a(-6). Let v = -39 + 26. Let l = h + v. What are the prime factors of l?
2, 3
Suppose n + 0 = 1, -4*n + 4 = -3*p. Suppose -h = -2*v + 23, 5*h - h + 20 = p. What are the prime factors of v?
3
Let w(g) = -g**2 - 5*g - 1. Let q be w(-5). Suppose 2*h + 0*h = 18. Let x = h - q. What are the prime factors of x?
2, 5
Suppose 0 = -5*g - 4*d + 8, 0 = -6*g + g - 5*d + 5. Suppose -3*b - u + 70 = u, g*b - 3*u = 116. List the prime factors of b.
2, 13
Suppose 7*c - 144 = 3*c. Suppose 3*p - 10 = -1, 0 = 5*a - 3*p - c. Suppose -s - a = -2*s. What are the prime factors of s?
3
Let a(f) be the third derivative of f**5/60 + f**4/6 - f**3/2 + f**2. Let z be a(2). List the prime factors of 6/z - 32/(-6).
2, 3
Let d(g) = -g**2 - 8*g + 2. Let b be d(-8). Suppose -3*a + 6